?
True
Let g be ((-31)/(-93))/(((-6)/9)/2). Is 7709 + (0 - (g - 5)) a prime number?
False
Suppose 0 = 5*b - 0*k + k - 76, 64 = 5*b + 4*k. Let f(i) = i**3 + 16*i**2 + 58*i - 17. Let s be f(-10). Let a = b + s. Is a a prime number?
True
Let z be ((-5)/10)/(((-3)/1656)/(-1)). Suppose 2*j = -2*j - 3700. Let x = z - j. Is x a composite number?
True
Let f = 89152 - 21215. Is f composite?
True
Let a(f) = 9*f**3 + 5*f**2 - 12*f + 21. Suppose 51*j - 44*j = 35. Is a(j) composite?
True
Let f(d) = 71*d**2 - 17*d - 63. Let v be f(-5). Suppose 5*w - v = -2*z, w + 254 = 3*z - 2450. Is z a prime number?
False
Suppose 0 = 3*k - 3*j - 23352, 0*k - j = -5*k + 38928. Let n = -5743 + 10038. Let t = k - n. Is t a composite number?
False
Let n(p) = 24*p**2 - 17*p - 107. Let o be n(-25). Let h = o - 5239. Is h prime?
True
Suppose -2*s + 101 = 19. Suppose 0 = -35*m + s*m - 77934. Is m composite?
True
Let n be 954/7 - 10/(-315)*-9. Suppose -2*u + n = -5*l + 32477, u = 2. Is l a composite number?
False
Let v(j) be the first derivative of -17*j**3/3 + 9*j**2/2 + 8*j - 25. Let x be v(-5). Let w = x + 943. Is w a prime number?
False
Suppose 0 = 4*m + 3*r - 642334, -5*m + 287*r + 802913 = 290*r. Is m prime?
True
Suppose -204 = 60*p + 116*p - 732. Suppose -5*j + 5 = 0, -4*i + 10297 = 4*j - 3*j. Suppose -p*d + 3*v = -i + 249, 4*v + 1558 = 2*d. Is d composite?
True
Let y(z) = 21*z**3 + z**2 - z + 10. Let q be y(10). Suppose -14*f + 15874 = -q. Is f composite?
True
Suppose 3*b - 1 - 23 = 0, -2*b + 65670 = 2*p. Is p a prime number?
False
Suppose 2*m = -4*y + 888, m = -5*y - 2*m + 1111. Let h = 428 - y. Suppose q = 1, 390 = 5*w + 2*q - h. Is w a prime number?
False
Suppose 3*g - 12 = 0, -31970 = -t + 4*g + 31915. Is t a composite number?
False
Let f = 1918 - -455. Is (f/(-49) + -7)/(6/(-21)) prime?
False
Suppose -108 = 2*k + 2*k. Let a(s) = -13717366 - 37*s - 20*s**2 + 13717394 - 3*s**2 - s**3. Is a(k) prime?
True
Let k be (-2)/(-4)*(-12 + 18). Is (-1532)/(-3)*(693/44)/k a prime number?
False
Suppose 1053*b - 1059*b = -336486. Is b a prime number?
True
Let r = -53 - -57. Suppose -r*y = -3*x - 8611, -3*x = 4*y + 3678 - 12259. Is y prime?
False
Let p(v) = v**3 + 15*v**2 + 10*v + 65. Let c be p(-15). Is (-9)/(-15) + (-310964)/c prime?
True
Let x(v) = 9*v + 10*v + 18*v**2 - 8 + 14*v - 30*v. Is x(11) prime?
True
Let i = -43 + 46. Suppose -i*l + 6 = -l. Suppose 45 - 204 = -l*a. Is a a composite number?
False
Let g(a) = -9*a**2 - 5*a - 44. Let o(r) = -5*r**2 - 3*r - 22. Let b(i) = 6*g(i) - 11*o(i). Suppose 0*p = -2*p - 14. Is b(p) a prime number?
False
Suppose 2*k - 1 - 7 = 0. Suppose -k*w + 3*m + 91 = -318, 2*m - 328 = -3*w. Suppose 4*y + 1855 = 5*l, 4*l + 4*y - w = 1378. Is l composite?
True
Let q = 6 - -3. Let m(c) = 3*c - 25. Let j be m(q). Suppose 0 = -j*h + 118 + 468. Is h prime?
True
Suppose 0 = 2*i - z - 82, 4*i + 5*z - 150 = -0*z. Is 3/(-12) - -2*23965/i prime?
False
Suppose -4*l + 1 + 11 = 0. Suppose 0 = 2*p - t + 74, -p - 5*t - 12 = l. Let g = p + 74. Is g a composite number?
True
Let t be (-1 - 3)/(-4)*0. Suppose 4*d = 5*y - 100, -4*y = -5*d - t*d - 134. Let h = d + 107. Is h composite?
True
Suppose 1279 = 3*a - 34877. Suppose 0 = 32*m - 28*m - a. Is m a composite number?
True
Suppose 111*b - 112*b = -40. Let v = b + -45. Is -38*((5/(-2))/v)/(-1) composite?
False
Let j = 91388 - 28525. Is j a prime number?
False
Suppose -32 + 326 = 7*q. Suppose 35*i = q*i - 97307. Is i a prime number?
True
Let m(c) be the first derivative of 2*c**3/3 - 3*c**2 - 5*c + 2. Let v be 3360/315 - (-4)/3. Is m(v) a prime number?
True
Suppose 7*u = 10*u - 195. Is 10/u - (-1 - 98274/39) prime?
True
Let o be 2097/54 - 3/(-18). Is -2 + (-15)/(-9) + 352222/o a composite number?
True
Is (1*-11)/(0 + 31/(-660827)) a prime number?
False
Let y = 13968 + -11707. Suppose 0 = 2*w - 4*w - 2276. Let h = y + w. Is h a prime number?
True
Suppose r = -5*v + 16848, -24*r + 21*r = -2*v + 6763. Is v composite?
False
Suppose 3 = j + 1. Is (-10510)/(-10) + 4/2*j prime?
False
Let u = 648 - 370. Let t be u/3 + (-2)/3. Let c = 1367 + t. Is c a prime number?
True
Is -10*(-24)/(-30) + 129967 a prime number?
True
Let p(g) = -7*g**3 + g**2 - 4*g + 17. Suppose -2*j + 2*o = 8, 0*j - 38 = 5*j + 4*o. Let z be p(j). Let y = z + -1102. Is y a prime number?
True
Let x(u) = 4*u**3 - 4*u**2 - 7*u - 12. Let b(j) = j**3 - j**2 + j + 1. Suppose 4 = -3*l - 2*f, 4*l + 9 = l - 3*f. Let y be b(l). Is x(y) composite?
True
Suppose 22*k - 991995 = 248475 - 292336. Is k composite?
True
Let q = 56 - -4. Suppose -q - 5602 = -2*d. Is d prime?
False
Suppose -5*p - 79793 = -2*d + 21641, -2*d - 3*p = -101402. Is d composite?
False
Let k(f) = -420*f + 97. Let u = -783 + 771. Is k(u) a prime number?
False
Let g = -322507 + 461894. Is g composite?
False
Suppose 4*g - 9*g - 60 = 0. Is (311835/g)/(-5) + (-14)/56 a composite number?
False
Let l be (468/(-8))/(-13) - 1/(-2). Suppose l*s = w + 1781, -4*w + 1231 + 213 = 4*s. Let k = s + 58. Is k a prime number?
False
Let a = 551 + -599. Is (-664428)/a + 10/(-8) a composite number?
False
Suppose -40*h + 9121973 - 727053 = 0. Is h a composite number?
True
Suppose -2*u - 2*u + 5*s + 91531 = 0, 0 = 5*u + 2*s - 114455. Let z = u - 11290. Is z prime?
False
Is (1463073/(-9))/((-1)/5 + 16/(-120)) composite?
False
Let l = 23 - 382. Let t = l - -526. Let k = 1044 - t. Is k a composite number?
False
Let b(j) = j**3 + 9*j**2 + 13*j + 12. Let x(w) = 11*w - 95. Let r be x(8). Is b(r) composite?
False
Let m be (-21)/(-11) + 20/220. Is -5 + m + (3 - -12147) a composite number?
True
Suppose 0 = -3*k + b + 9, 4*k + b = -2*b - 1. Suppose -l - 309 + 20749 = 4*a, k*a - 10234 = 3*l. Is a composite?
True
Suppose -88 = -14*h - 872. Is (-14)/(h/78) + (-1)/2 a composite number?
False
Suppose -46*p - 11338755 = -56*p - 5*h, -2*h = p - 1133883. Is p a composite number?
True
Suppose -2*b + 3020431 = -5*i - 523157, 2*b - 36*i - 3543526 = 0. Is b a composite number?
False
Let v = -2461 - -7172. Is v prime?
False
Let z = 25239 + -20398. Is z prime?
False
Let j(p) = p. Let z be j(5). Let g(d) = 11 - 7 - 25 + z*d**2 + 7*d - 28. Is g(-11) a prime number?
True
Suppose 4*l - 22 = 2. Let m be 2 - 3*l/(-9). Suppose -5*i + 4307 = 3*y, -i + m*y + 924 = 81. Is i a composite number?
False
Let w(d) = -2*d**2 + 7*d - 3. Let u be (6/(-6))/(4/(-12)). Let k be w(u). Suppose 4*q + 4*y - 9344 = 0, -3*q - 6*y + y + 7014 = k. Is q a composite number?
False
Let g = 27730 + 75811. Is g a prime number?
False
Suppose -3*m + 8*m = -40. Let w be (-100)/m*(-8)/(-10). Suppose 225 = -w*v + 2095. Is v a composite number?
True
Suppose -93 + 84 = -3*n. Suppose 0*p + n*p = 5*q + 33, -q = 4*p - 21. Is (3/18 - 4/p)*-494 a prime number?
False
Let v be 1*(-92)/(-12) - (-3)/9. Suppose 0 = -3*h - 6 + 15. Suppose -v = 4*z, s = -4*s - h*z + 1504. Is s prime?
False
Suppose -8 = -3*d + 1. Suppose 5*q = d*q + 40. Suppose q*u = 15*u + 3155. Is u prime?
True
Suppose -4*p + 67453 = -3*p + h, -p + 67443 = 3*h. Suppose -11*f = -9553 - p. Suppose -f = -5*d + 3*v, 5*v - 4187 = -4*d + d. Is d composite?
False
Suppose 18 = -5*y + 7*y. Let f(a) = a**3 - 9*a**2 + 3. Let c be f(y). Suppose -425 = -2*x - 3*g, c*x + g = -3*g + 637. Is x prime?
True
Let v(h) = -61156*h - 15075. Is v(-14) composite?
True
Suppose 5*p = 13*p + 400496. Let k = p - -183645. Is k prime?
True
Let k(l) = 57*l**2 + 1 + 58*l**2 - 164*l**2 - 20*l**3 + 48*l**2. Let x(g) = -g**3 + 4*g**2 - 5*g + 4. Let y be x(3). Is k(y) composite?
False
Suppose 3*q - 3923 = a + 72254, -101556 = -4*q - 2*a. Is q a prime number?
True
Let p = 489 - -252. Suppose p + 53154 = 15*l. Is l prime?
True
Let n be (32/(-6))/((-48)/72). Is n - (-2 + 6 + -2731) composite?
True
Suppose -41*k = -7275780 - 8908601. Is k composite?
True
Is (-1)/((-7)/370013*1) a composite number?
False
Let l(m) = 9985*m**2 - 2*m - 19. Is l(-4) prime?
False
Let l(q) = -1 - 5*q + 2*q**2 + 7*q**3 + 9*q**2 + 5*q**3 - 2*q**2. Is l(3) a prime number?
True
Let d(h) = 20*h + 247. Let m be d(10). Let n = 844 - m. Is n a composite number?
False
Suppose 22 = -23*v - 24. Is v/(-9) + (-2953250)/(-450) a prime number?
True
Let o(n) = -6*n - 25. Let p be o(-5). Suppose 0 = 2*y - 3*u + 8, 0 = -y + p*u - 21 + 3. Is (-4)/y*1955/(-34) a prime number?
False
Let x = 111 - 94. Suppose -d = 3*i - 3